is the value of -7 - 2 - (-1 - 1)?
-7
What is the value of 1 + 2 + -1 + -2?
0
2 - ((-5 - -1) + -2 + 3)
5
Evaluate -7 + 10 + -11 + (1 - -5).
-2
Calculate -4 + -3 + 4 - (-6 - 0).
3
What is the value of (2 - -4 - 9) + -2?
-5
What is the value of 1 + 2 - (-4 - -9 - -1)?
-3
What is the value of (10 + -17 - -6) + (4 - 1)?
2
Evaluate -2 + -1 + -3 + (13 - 5).
2
3 - (-2 - 2) - 9
-2
Calculate 6 + -2 + (7 - 7).
4
Calculate 0 + -9 - (-77 - -72).
-4
What is 2 + 6 + 4 + -2 + -3?
7
What is 14 + -4 + 2 - 20?
-8
What is (-1 - 3) + 2 - -4?
2
What is -1 - (1 + (-4 - 0))?
2
Evaluate -9 + 0 + 2 + 11.
4
-6 - (2 - 13 - (-5 - -2))
2
Calculate (-2 - (-3 + -13)) + -10.
4
Evaluate -7 + 8 + -3 - -8 - 8.
-2
1 - ((-1 - 3) + 2 - -3)
0
What is -7 - (-14 - -6) - 4?
-3
Calculate 11 + (5 + 2 - 16).
2
Evaluate -6 + (5 - -1 - 2).
-2
What is 4 + 4 - (6 - 2)?
4
What is the value of 3 + (2 - 7) - -7 - 2?
3
Evaluate 9 - 5 - 5 - -8.
7
What is the value of -1 + -9 + -12 + 28?
6
What is the value of 14 + (11 - (-4 + 21))?
8
What is the value of (-4 + 6 - 1) + -5 + 7?
3
Calculate -3 + 6 + 4 + -4 + -1.
2
Evaluate (0 - -1) + 2 + (0 - 5).
-2
(6 - 10 - -5) + 1
2
Evaluate 7 - (-1 + -2 - (-16 - -5)).
-1
What is 9 + (8 - 23) + 0?
-6
Calculate (-13 - (-13 - -7)) + (5 - -1).
-1
What is the value of 3 + 8 + -1 - 7?
3
What is 5 + 8 + -21 - -1?
-7
What is the value of -2 + -10 + (-85 - -101)?
4
Calculate -8 - (6 + (7 - 15)).
-6
What is the value of -14 - -5 - (-6 - -1)?
-4
Calculate 12 - -1 - (1 - -19).
-7
What is the value of (1 - -2) + (-8 - -8 - 5)?
-2
Evaluate (1 - 0 - 5) + 1.
-3
What is the value of 1 + -4 - -10 - (11 - 14)?
10
Evaluate 3 + -1 + 8 + (4 - 12).
2
What is (-7 - 14) + 6 - -9?
-6
Calculate (4 + -11 - -6) + 4 + -2.
1
Calculate -5 - (-4 + 3 + -1) - 1.
-4
Evaluate 3 - (2 + -11 + 11).
1
What is the value of -2 + -4 + 2 + 8 + -2?
2
Evaluate -8 + 0 - -16 - 5.
3
8 + -4 + -15 + 6
-5
Calculate -10 + (17 - 9 - -1).
-1
What is 0 - 3 - (-61 - -55)?
3
Evaluate (2 - 5 - (-29 - -29)) + 3.
0
Calculate 16 - 11 - 3 - (-1 + 5).
-2
What is (12 - 18) + -4 + 5 + -6?
-11
Calculate 9 - (-13 + 18) - (-1 + -2).
7
Evaluate 5 + (11 - (-15 - -30)).
1
Evaluate (1 - (2 - 0)) + (50 - 54).
-5
Evaluate -34 + 31 - (0 + 2 + -2).
-3
What is the value of 0 - (-1 + -1 + -12 + 14)?
0
Calculate 1 - -5 - (-15 + 16).
5
What is -1 + (9 - (-2 + -1 + 6))?
5
Calculate 1 + (-7 - -7) - 1.
0
Evaluate 13 + -20 + 1 + -5 + 1.
-10
6 + (4 - 10) + 1 - 1
0
What is the value of -1 + (2 - 2) + (-40 - -43)?
2
What is 2 - ((-7 - (-2 - 2)) + 1)?
4
(5 - -2 - 8) + -4 + -1
-6
Calculate 3 + -3 + (-8 - -4 - -5).
1
(-31 - -34) + -1 + -8
-6
What is 0 + (0 - -3 - 1) + -5?
-3
(-7 - -7 - 4) + 8
4
2 - 9 - (23 + -26)
-4
Calculate -2 + (-4 - (-1 + 2 - 4)).
-3
(3 - (3 - -10)) + 4
-6
Calculate (0 - (5 - 5)) + 3.
3
What is the value of -1 - 8 - (6 + -13)?
-2
Calculate 11 - 1 - 6 - 3.
1
Evaluate -3 + (0 - (7 + -2)) + 3.
-5
What is the value of 2 + -2 + -85 + 85?
0
What is the value of -2 - 6 - (-5 - -2)?
-5
Calculate 3 + (-5 - (-1 + -2)).
1
What is the value of 6 - (-7 - -10 - 8)?
11
What is 7 - 7 - 7 - -3?
-4
What is the value of -78 + 77 - (-1 + -6)?
6
What is the value of 1 - -1 - (73 - 79)?
8
What is 3 + (-6 + 3 - 4)?
-4
Evaluate -5 - (-4 + 4 + -2).
-3
Calculate 1 + 8 + -3 - (3 + -2).
5
Calculate (-5 + -2 - -7) + 0 + 0.
0
Evaluate 5 + -4 + 4 + -7 + -3.
-5
What is the value of -9 - (0 - (5 - (3 + 1)))?
-8
(7 + 7 - 7) + (-1 - 7)
-1
What is -5 - -7 - (-2 + 1 - 4)?
7
What is -2 + (7 - 4) - 3?
-2
What is the value of -2 + (5 - 4) + 3?
2
What is 5 + (5 - 12) - 4?
-6
Evaluate (2 - (0 - 1)) + (-5 - -6).
4
What is the value of -1 + (2 - ((2 - 0) + -2))?
1
Evaluate 0 + -8 + 4 - (0 + -4).
0
2 + 5 + -10 + 3
0
-3 - (-4 - (2 - 12))
-9
What is 37 + -31 + 0 + -1?
5
What is (-2 - ((9 - 15) + -5)) + -17?
-8
(2 - 12) + -1 + 7 + 2
-2
Calculate 2 + (0 - (2 - 3)).
3
Evaluate 4 - (2 + 0 + 4).
-2
0 + -8 + 4 + 1 - 0
-3
Calculate 7 + -2 + (3 - 5).
3
-2 + 0 + (1 - 0)
-1
What is the value of -4 + 3 + (0 - 1) - 1?
-3
(-7 + 4 - (-3 - -1)) + 6
5
-12 + 15 - 10 - 2
-9
(-1 - -1) + 2 + -2 + 2
2
What is (6 - 1) + -37 + 32?
0
What is 4 + 0 + -2 + -1?
1
(2 - (9 - 0)) + 5 + 2
0
What is (8 - (7 - -4)) + 6?
3
What is the value of -19 + (-11 - -14) - -7?
-9
What is -18 + 4 + -2 + 12?
-4
Calculate 2 + -3 + (-2 - (-9 - -1)).
5
What is (1 - 1) + -4 - (-92 + 89)?
-1
What is -2 - 3 - (0 + -1)?
-4
What is the value of 8 + -13 + (4 - -2)?
1
Calculate -1 - (-2 - -6) - (226 - 238).
7
What is (2 + 6 - 4) + -3?
1
10 + -5 - (-3 + 13)
-5
What is the value of (0 - (1 - -3) - -4) + -4?
-4
What is -1 + 0 + -1 + 1?
-1
Calculate 13 + (-10 - -2 - -6).
11
Calculate (0 - -2) + (1 - 0) - -2.
5
What is (1 - 0) + -2 - (17 + -17)?
-1
Calculate (-16 - -19) + (0 - 0) + -3.
0
What is 4 + -8 + (5 - (0 + 1))?
0
6 + (1 - -1 - (5 + -2))
5
What is 1 + -6 - ((-4 - 3) + 0)?
2
Evaluate 49 - 36 - (-1 - -9).
5
Evaluate 15 + -10 + -10 + -2.
-7
What is the value of 4 + 3 + 3 + -5 + -1?
4
Evaluate 4 - (-5 + 5 + 3 + 0).
1
Evaluate -6 + -4 - -7 - -2.
-1
What is (0 + -3 - 0) + 2 + -2?
-3
What is the value of 6 + -12 + 7 - (2 + 1)?
-2
What is the value of 4 - (1 - ((-9 - -3) + 5))?
2
Evaluate 2 - 4 - (6 - 8).
0
Evaluate -7 + 8 - (0 + 0) - 4.
-3
Evaluate 2 + 1 + (-5 - -1) + -5.
-6
Evaluate -1 - (0 - -3) - (-2 + 3).
-5
Calculate 31 + -30 + (-1 - 6).
-6
What is 0 + (-2 - (1 + 0))?
-3
Evaluate 21 + -14 - (-1 - -11).
-3
What is the value of 1 + (2 - 4) + -2?
-3
What is the value of (-2 - (-5 - 0)) + -2?
1
Evaluate 10 + -13 - (-1 + 2).
-4
Evaluate -2 + (2 + -2 + 0 - 4).
-6
What is (6 - (9 - 2)) + -1?
-2
What is the value of -9 + (7 - -6 - -2)?
6
Calculate 3 + (-11 - (-5 + 1)) + 5.
1
What is (-9 - -5) + 5 + 6 + -6?
1
What is -1 + -1 + 3 - 1?
0
Calculate 1 - ((-1 - -1) + 2 + 2).
-3
What is the value of 214 + -216 - (1 + -4 + -1)?
2
What is the value of (1 - 1 - -5) + -57 + 51?
-1
9 - (-1 + (2 - -1)) - 3
4
What is the value of 4 + (-6 - (11 + -7))?
-6
What is the value of -3 + 12 + -3 + 2 - 2?
6
Calculate 0 - ((2 - (1 + -6)) + -3).
-4
Evaluate -15 - (5 + -1 - 11).
-8
0 + 2 + -5 + -1
-4
Evaluate -5 + 4 + (6 - (6 + 0)).
-1
Calculate -10 + (-8 - -13) + 9.
4
Calculate -2 - ((10 - 5) + 3 + -7).
-3
5 + (2 - (9 - 2 - -2))
-2
Evaluate 0 - 3 - (34 - 41).
4
Evaluate (-17 - 0) + -8 + 15 + 1.
-9
Calculate (-5 - (2 + -3)) + (-101 - -106).
1
What is -1 + (3 - -3) + -4?
1
What is (-6 - -2) + -1 + 0?
-5
Calculate -6 - -8 - (6 - (-6 + 12)).
2
What is 4 + (1 - 6) - -1?
0
What is (-2 - -9) + -24 + 10?
-7
What is -1 - 2 - (13 + -13 - 6)?
3
3 - (5 + 0) - 2
-4
Evaluate -6 + 3 + 5 + -7.
-5
What is the value of -3 - (-4 + 7 + -4)?
-2
What is -4 - (2 - (-5 + 4) - 8)?
1
Evaluate (0 - (1 - -3)) + (43 - 42).
-3
Calculate 12 + (-5 - -1) + -7.
1
0 + (7 - (12 - -1)) + 0
-6
What is -6 - (-11 + -3 + 14)?
-6
Calculate 4 - 9 - (3 - (11 + -3)).
0
What is the value of -9 - (-17 + -5 - -3)?
10
7 + (10 - (9 + 10))
-2
What is the value of -4 + -2 + -5 + 9?
-2
What is the value of -3 + 4 - (2 + (1 - 0))?
-2
Calculate 6 - 2 - (6 + -4).
2
Evaluate (-12 - -12) + (1 - -2).
3
What is 0 - (-2 - 2) - 8?
-4
What is the value of (-2 - 1) + 0 + (0 - -1)?
-2
Calculate 6 - 2 - (-6 - -3 - -5).
2
-11 + 2 + 7 + 0
-2
What is (1 - 0) + (-10 - -6) + 0?
-3
What is the value of 3 + (-2 - 0) + 7 + -8?
0
3 + (4 - (-4 - -4))
7
What is 7 - (-3 - -1) - 4?
5
What is 7 + -4 + -10 + 14?
7
What is 37 + -38 + 5 + 0 + -9?
-5
Evaluate -4 - -3 - (-5 + 2).
2
Evaluate -5 + 12 - 2 - 9.
-4
Calculate 0 - (-2 + 2 + 1 - -2).
-3
What is the value of 1 - (-4 - 4) - 4?
5
What is the value of -2 - (-7 - 0) - (12 - 7)?
0
Evaluate 3 + (9 - (10 + -4)).
6
What is the value of -19 + 11 + 11 + 3?
6
Evaluate -12 + (6 - -1) - -4.
-1
Calculate (0 - -4 - (2 + 2)) + -2.
-2
Calculate 9 - (-3 - (-4 - 2) - -1).
5
Calculate 12 + -11 - (7 + -1).
-5
What is 14 - 2 - (-9 - -16)?
5
Calculate -7 - (2 + 1 + -2) - -6.
-2
What is the value of 1 - 1 - ((10 - 5) + -6)?
1
-5 + 6 + -8 + 2
-5
Calculate 3 + (-2 - -1) + 0.
2
Evaluate -7 - (-1 + -2 - (4 + -11)).
-11
What is (-2 + 0 - 0 - -5) + -3?
0
What is 4 + 1 + (-2 - 2)?
1
What is (-1 + (-3 - -5) - 2) + -1?
-2
Calculate 2 + -8 + (-4 - (-17 + 7)).
0
What is the value of 10 + (-7 - 2) - (1 + -7)?
7
Evaluate 4 + (-5 - -3 - -4) + -2.
4
-1 + 3 + (-9 - -3)
-4
What is the value of -2 + (10 - (-9 + 9))?
8
-4 + (-